{"id":166,"date":"2018-03-06T10:16:36","date_gmt":"2018-03-06T09:16:36","guid":{"rendered":"https:\/\/www.deichbricks.de\/?page_id=166"},"modified":"2018-03-06T10:16:36","modified_gmt":"2018-03-06T09:16:36","slug":"brick-owl","status":"publish","type":"page","link":"https:\/\/www.deichbricks.de\/index.php\/brick-owl\/","title":{"rendered":"Brick Owl?"},"content":{"rendered":"<p><strong>Was ist Brick Owl?<\/strong><br \/>\nBrick Owl ist ein relativ neuer Marktplatz f\u00fcr LEGO\u00ae Produkte.<br \/>\nGenau wie auf BrickLink biete ich auch dort meine Teile und Sets an, die Warenbest\u00e4nde werden zwischen beiden Plattformen synchronisiert.<br \/>\nDie Oberfl\u00e4che von Brick Owl ist moderner und meistens benutzerfreundlicher, BrickLink-Experte w\u00fcrden aber vielleicht die eine oder andere Funktion vermissen.<br \/>\n<a href=\"https:\/\/deichbricks.brickowl.com\">Deichbricks bei Brick Owl<\/a><\/p>\n<p><strong>What&#8217;s Brick Owl?<\/strong><br \/>\nBrick Owl is a relatively new marketplace for LEGO\u00ae Products.<br \/>\nJust like on BrickLink I have a shop there to sell all my parts and sets. The inventory is automatically synchronized between both shops.<br \/>\nBrick Owl&#8217;s user interface is more modern and userfriendly, but BrickLink experts might miss one or two functions.<br \/>\n<a href=\"https:\/\/deichbricks.brickowl.com\">DeichBricks at BrickOwl<\/a><\/p>\n","protected":false},"excerpt":{"rendered":"<p>Was ist Brick Owl? Brick Owl ist ein relativ neuer Marktplatz f\u00fcr LEGO\u00ae Produkte. Genau wie auf BrickLink biete ich auch dort meine Teile und Sets an, die Warenbest\u00e4nde werden zwischen beiden Plattformen synchronisiert. Die Oberfl\u00e4che von Brick Owl ist moderner und meistens benutzerfreundlicher, BrickLink-Experte w\u00fcrden aber vielleicht die eine oder andere Funktion vermissen. Deichbricks &hellip; <\/p>\n<p class=\"link-more\"><a href=\"https:\/\/www.deichbricks.de\/index.php\/brick-owl\/\" class=\"more-link\"><span class=\"screen-reader-text\">\u201eBrick Owl?\u201c <\/span>weiterlesen<\/a><\/p>\n","protected":false},"author":1,"featured_media":0,"parent":0,"menu_order":0,"comment_status":"closed","ping_status":"closed","template":"","meta":{"footnotes":""},"class_list":["post-166","page","type-page","status-publish","hentry"],"_links":{"self":[{"href":"https:\/\/www.deichbricks.de\/index.php\/wp-json\/wp\/v2\/pages\/166","targetHints":{"allow":["GET"]}}],"collection":[{"href":"https:\/\/www.deichbricks.de\/index.php\/wp-json\/wp\/v2\/pages"}],"about":[{"href":"https:\/\/www.deichbricks.de\/index.php\/wp-json\/wp\/v2\/types\/page"}],"author":[{"embeddable":true,"href":"https:\/\/www.deichbricks.de\/index.php\/wp-json\/wp\/v2\/users\/1"}],"replies":[{"embeddable":true,"href":"https:\/\/www.deichbricks.de\/index.php\/wp-json\/wp\/v2\/comments?post=166"}],"version-history":[{"count":2,"href":"https:\/\/www.deichbricks.de\/index.php\/wp-json\/wp\/v2\/pages\/166\/revisions"}],"predecessor-version":[{"id":168,"href":"https:\/\/www.deichbricks.de\/index.php\/wp-json\/wp\/v2\/pages\/166\/revisions\/168"}],"wp:attachment":[{"href":"https:\/\/www.deichbricks.de\/index.php\/wp-json\/wp\/v2\/media?parent=166"}],"curies":[{"name":"wp","href":"https:\/\/api.w.org\/{rel}","templated":true}]}}